e highest common factor of 117 and 333?
9
What is the highest common divisor of 940 and 188?
188
Calculate the greatest common factor of 72086 and 38.
38
What is the greatest common divisor of 135 and 27?
27
Calculate the highest common divisor of 51 and 1275.
51
What is the highest common divisor of 1476 and 60?
12
What is the greatest common factor of 20 and 25?
5
What is the highest common factor of 80 and 580?
20
Calculate the highest common divisor of 615 and 30.
15
Calculate the highest common divisor of 245 and 35.
35
What is the greatest common divisor of 108 and 19251?
27
Calculate the greatest common divisor of 10349 and 79.
79
Calculate the highest common divisor of 374 and 612.
34
What is the greatest common factor of 78 and 117?
39
What is the greatest common factor of 536 and 2278?
134
Calculate the greatest common factor of 3835 and 65.
65
Calculate the highest common factor of 214 and 1.
1
Calculate the highest common divisor of 104 and 91.
13
Calculate the highest common divisor of 4212 and 8748.
324
Calculate the greatest common factor of 70 and 16135.
35
Calculate the greatest common divisor of 30 and 135.
15
What is the highest common divisor of 159 and 13197?
159
What is the highest common factor of 10 and 15?
5
What is the highest common factor of 45 and 1368?
9
Calculate the greatest common factor of 132 and 888.
12
What is the highest common divisor of 480 and 40?
40
What is the highest common divisor of 18923 and 127?
127
Calculate the greatest common divisor of 1755 and 1365.
195
Calculate the highest common divisor of 375 and 3075.
75
What is the highest common factor of 2952 and 72?
72
What is the greatest common factor of 198 and 9?
9
What is the greatest common factor of 124 and 2852?
124
What is the greatest common factor of 129 and 7611?
129
What is the greatest common factor of 56 and 504?
56
What is the highest common divisor of 3066 and 378?
42
Calculate the greatest common divisor of 54 and 1206.
18
What is the highest common divisor of 4324 and 376?
188
What is the highest common divisor of 52 and 455?
13
What is the greatest common divisor of 48 and 44952?
24
Calculate the greatest common factor of 833 and 14.
7
Calculate the highest common factor of 5754 and 56.
14
What is the greatest common factor of 5723 and 194?
97
What is the greatest common divisor of 8 and 1778?
2
Calculate the highest common divisor of 779 and 205.
41
Calculate the greatest common factor of 81 and 2.
1
What is the highest common factor of 351 and 559?
13
What is the greatest common divisor of 768 and 48?
48
Calculate the highest common divisor of 16184 and 408.
136
Calculate the highest common factor of 22 and 11.
11
Calculate the greatest common factor of 25 and 595.
5
Calculate the highest common factor of 1649 and 85.
17
What is the greatest common divisor of 2 and 1792?
2
Calculate the highest common factor of 243 and 4.
1
Calculate the greatest common factor of 2491 and 53.
53
What is the highest common divisor of 84 and 2340?
12
Calculate the greatest common factor of 117 and 286.
13
Calculate the greatest common divisor of 44 and 88.
44
What is the highest common factor of 984 and 1353?
123
What is the greatest common divisor of 192 and 36?
12
Calculate the highest common factor of 8 and 20.
4
Calculate the highest common factor of 1525 and 25.
25
Calculate the greatest common factor of 650 and 26.
26
Calculate the highest common divisor of 23 and 299.
23
Calculate the highest common factor of 157 and 7379.
157
Calculate the highest common divisor of 19 and 16416.
19
What is the greatest common divisor of 264 and 9042?
66
What is the greatest common divisor of 61 and 1?
1
Calculate the highest common divisor of 663 and 204.
51
What is the greatest common factor of 260 and 715?
65
Calculate the highest common divisor of 18 and 43182.
18
Calculate the highest common factor of 12098 and 46.
46
Calculate the highest common divisor of 20 and 7660.
20
Calculate the highest common divisor of 7950 and 300.
150
What is the highest common divisor of 22 and 3641?
11
What is the greatest common factor of 47425 and 35?
35
Calculate the highest common divisor of 15 and 85.
5
What is the greatest common factor of 330 and 30?
30
Calculate the highest common divisor of 232 and 14616.
232
Calculate the greatest common divisor of 119 and 272.
17
Calculate the greatest common divisor of 350 and 4375.
175
What is the highest common factor of 210 and 13090?
70
Calculate the greatest common factor of 48 and 576.
48
What is the highest common factor of 62 and 6014?
62
Calculate the highest common divisor of 75 and 105.
15
Calculate the greatest common divisor of 64 and 256.
64
What is the highest common divisor of 22134 and 119?
119
What is the greatest common factor of 56 and 1414?
14
Calculate the highest common factor of 837 and 713.
31
Calculate the highest common divisor of 41 and 1.
1
What is the highest common factor of 72 and 8622?
18
Calculate the greatest common divisor of 322 and 35.
7
Calculate the highest common factor of 5 and 7.
1
Calculate the highest common factor of 92 and 1242.
46
Calculate the greatest common divisor of 451 and 11.
11
Calculate the highest common divisor of 6770 and 20.
10
Calculate the greatest common divisor of 34 and 5066.
34
What is the highest common factor of 6 and 686?
2
Calculate the greatest common factor of 63 and 27.
9
Calculate the greatest common factor of 145 and 135.
5
Calculate the greatest common divisor of 24 and 472.
8
What is the greatest common factor of 46 and 3887?
23
What is the highest common divisor of 1232 and 28?
28
Calculate the highest common divisor of 84 and 371.
7
Calculate the highest common factor of 242 and 11.
11
Calculate the greatest common factor of 5418 and 21.
21
Calculate the greatest common factor of 42 and 2.
2
What is the greatest common divisor of 880 and 616?
88
Calculate the greatest common factor of 290 and 10.
10
What is the greatest common divisor of 20 and 380?
20
Calculate the highest common divisor of 50 and 10.
10
What is the greatest common divisor of 63 and 3294?
9
Calculate the greatest common divisor of 39 and 169.
13
What is the highest common factor of 60 and 12870?
30
What is the greatest common divisor of 5094 and 36?
18
What is the highest common factor of 126 and 182?
14
Calculate the highest common factor of 279 and 744.
93
What is the greatest common divisor of 946 and 86?
86
Calculate the greatest common factor of 192 and 60.
12
What is the highest common divisor of 108 and 2?
2
What is the greatest common divisor of 1751 and 17?
17
What is the greatest common divisor of 1404 and 162?
54
What is the highest common divisor of 851 and 23?
23
What is the highest common factor of 8 and 7?
1
What is the highest common divisor of 1224 and 36?
36
What is the greatest common divisor of 2 and 71?
1
Calculate the greatest common divisor of 20 and 564.
4
What is the highest common factor of 46 and 805?
23
Calculate the highest common factor of 11433 and 333.
111
What is the greatest common divisor of 12 and 25?
1
Calculate the highest common factor of 15 and 115.
5
Calculate the highest common factor of 345 and 69.
69
What is the greatest common divisor of 36 and 4446?
18
Calculate the greatest common divisor of 6 and 1878.
6
What is the greatest common factor of 17 and 18?
1
Calculate the greatest common factor of 14 and 2.
2
Calculate the greatest common divisor of 492 and 3116.
164
What is the highest common factor of 1 and 8?
1
Calculate the highest common divisor of 2 and 757.
1
Calculate the highest common factor of 140 and 630.
70
Calculate the highest common divisor of 840 and 2688.
168
What is the highest common factor of 169 and 260?
13
Calculate the greatest common divisor of 264 and 33.
33
Calculate the greatest common factor of 36 and 1776.
12
What is the highest common factor of 135 and 1860?
15
What is the greatest common divisor of 978 and 42?
6
Calculate the greatest common factor of 50 and 3300.
50
Calculate the greatest common divisor of 108 and 36.
36
What is the greatest common divisor of 81 and 72?
9
What is the highest common divisor of 118 and 1?
1
What is the highest common factor of 1912 and 8?
8
Calculate the greatest comm